ppose -7*b + 4*b - 6 = 0. Let p be 4 + 3/(-6)*2. Let g(w) = w**3 + 0*w**2 + p*w**2 - w**2. Give g(b).
0
Let v(d) be the third derivative of d**7/840 + 7*d**6/360 + d**5/20 - 7*d**4/24 - 4*d**3/3 - 2*d**2. Let i(y) be the first derivative of v(y). What is i(-6)?
-7
Suppose 0*v - 3 = -v. Let t(r) = -3*r**3 - 3*r**2 + 3*r - 4. Let c(a) = 4*a**3 + 3*a**2 - 3*a + 4. Let n(z) = -4*c(z) - 5*t(z). What is n(v)?
-5
Let m(v) be the second derivative of -v**3/6 + 3*v**2/2 - 6*v. Calculate m(6).
-3
Let b(a) be the second derivative of -a**4/12 + a**3/2 + a**2 + 2*a. Let t be b(2). Suppose 0 = 4*v - 5*v + t. Let q(h) = -3*h + 6. Determine q(v).
-6
Suppose -y = -0 - 2. Suppose 2*d - 18 = -3*j - 0*j, y*j = 4. Let h(v) = -v + 3. Determine h(d).
-3
Let s(k) = k**2 + 3*k - 4. Let q be s(-5). Let y(r) = -r**2 + 7*r - 2. What is y(q)?
4
Let b(r) be the first derivative of r**2/2 + r + 35. What is b(-8)?
-7
Let z(v) = -6*v + 10*v - 12*v + 4. What is z(-3)?
28
Suppose 2*u + n = -n + 36, 0 = 5*n - 5. Suppose -d + u = 3*a, 1 = 5*d - 5*a + 16. Let w(x) = 0 - 5 - 3*x + d*x + 0*x. What is w(0)?
-5
Let r(q) be the first derivative of q**2 - 6*q - 1. Let b = -30 + 34. What is r(b)?
2
Let j(k) = k**2 + 28*k + 18. Let a be j(-27). Let n(u) = u + 8. Calculate n(a).
-1
Let u(b) = b**2 - 2. Let o(h) = -2*h + 12. Let m be o(7). What is u(m)?
2
Let i be -9 - (-12)/((-12)/(-3)). Let f(g) = -g**3 - 5*g**2 + 5*g - 2. Give f(i).
4
Let h = 15 - 21. Let k(j) = j. Give k(h).
-6
Let n(h) = h**2 + 2*h + 3. Let g = -99 - -95. Give n(g).
11
Suppose -4*y + 12 = -0*y. Let z(t) = -t + 1. Give z(y).
-2
Suppose -4*b + 5*b - 3 = 0. Let d(t) = 0*t + 2*t - b*t - 1. Calculate d(-4).
3
Let d(k) = k - 6. Let t(m) = m + 7. Let v be t(0). Let p = -2 + v. Calculate d(p).
-1
Let l(j) be the second derivative of j**5/20 - j**4/2 - j**3/3 - j**2/2 + 19*j. Give l(6).
-13
Suppose 4*m + 1 = 9. Let x(s) = 2 + 4 + s - m*s. Suppose -5*l + 6 = -3*l. What is x(l)?
3
Let u = 9 - 5. Let k(p) = 4*p - 11*p - p**2 + p**3 + 5 - 2*p**2. What is k(u)?
-7
Let i(h) = 14*h - 1. Let r(w) = -2*w + 29. Let c be r(15). What is i(c)?
-15
Suppose 4 = -0*c + 2*c. Suppose d = -c + 1. Let u(r) = r - 1. Let w(n) = -n**3 - n**2 - 6*n + 7. Let z(q) = 6*u(q) + w(q). Calculate z(d).
1
Let q = 2 + 3. Let s(g) = g**3 - 6*g**2 + 2*g + 1. Determine s(q).
-14
Let p(d) be the third derivative of d**4/24 - d**3/3 - 2*d**2. Give p(4).
2
Suppose 0*u = -2*o - 2*u + 14, -3*u - 14 = -2*o. Let i(z) = -z**2 + 7*z + 7. Calculate i(o).
7
Let s(d) = -d + 1. Let k = 19 - 14. Calculate s(k).
-4
Let r(p) = -8*p**3 - 6*p**2 - 5*p - 4. Let f(b) = 7*b**3 + 6*b**2 + 5*b + 3. Let a(o) = 7*f(o) + 6*r(o). Let v be (-46)/8 + (-33)/(-12) + -2. What is a(v)?
-3
Let h(j) = j**3 + j**2 - j. Let l(p) = -6*p**3 + 12*p - 6. Let o(x) = -5*h(x) - l(x). Suppose -5*k + 3*k + 12 = 0. What is o(k)?
0
Let u(k) be the third derivative of k**4/24 - k**3/2 + k**2. Let x(m) = -m**2 + 6*m + 3. Let i be x(6). Calculate u(i).
0
Suppose j - c - 63 = -j, 0 = 4*j - 3*c - 127. Suppose 2*r - 4*u = -r + j, -r - 15 = 5*u. Let o(n) = 3*n - 6. Determine o(r).
9
Let d be (9/5)/(6/20). Let u(x) = x**3 + d*x + 6 - 2*x**3 + 0*x**3 + 0*x**3 - 4*x**2. Suppose -5*t = -0*t + 25. Calculate u(t).
1
Let z(s) = -7*s + s**2 + 4*s**2 - 6*s**2 - 8 + 1. Give z(-5).
3
Let f = 14 - 12. Let y(j) = 3*j**2 - j**3 + 0*j - 3 + 5*j + j**f + 1. Suppose 45 = 4*t + 5*r, 0 = -t + 3*r - r - 5. Give y(t).
-2
Let x(l) = -l**2 + 3. Suppose 5*c + 4*p = 9*p + 25, 0 = 3*c - p - 11. Determine x(c).
-6
Let p = 56 + -12. Suppose 5*r + p = -4*k, -4 = -3*r + 4*r. Let m(t) = -t - 7 - t + 0*t. Calculate m(k).
5
Let g(y) = -3 - y**2 + 36*y + 9 - 35*y + 2*y**2. Determine g(0).
6
Let a(j) = -5*j**2 - 10*j. Let p(l) = -l**2 - l. Let y(n) = a(n) - 4*p(n). Let g be (1 - -5 - 0)*-1. Determine y(g).
0
Let i(m) = 3*m + 7. Let z(d) = -30*d - 69. Let p(f) = 21*i(f) + 2*z(f). What is p(-7)?
-12
Suppose -2*n = -n. Suppose -1 + n = -c. Let r(g) = -5*g**2. Determine r(c).
-5
Let f(p) = p**2 - 5*p - 7. Let t(u) be the second derivative of -u**3/6 - u**2/2 - u. Let q = 5 + -4. Let n(d) = q*f(d) - 6*t(d). Calculate n(1).
1
Suppose 4*v - 3*v - 7 = -n, -16 = -3*v - 2*n. Let p be 0/(-2 - (-3 + v)). Let l(o) = o**3 + o**2 - o - 1. What is l(p)?
-1
Let q(v) = 9*v**3 - 3*v**2 + v + 1. Let x(l) = -17*l**3 + 5*l**2 - l - 2. Let b(r) = -5*q(r) - 3*x(r). Determine b(1).
5
Suppose 0 = 2*l + 2*l. Suppose 2*u - 3*u = l. Let o(v) = v**3 - v**2 + 14. Determine o(u).
14
Suppose 2*x - 7*x = -3*i - 21, -5*x = i - 13. Let y(n) = -n**2 + 2. Let w be y(i). Let p(u) = -5*u - 2*u + 4*u. What is p(w)?
6
Let w(a) = -2*a + 2. Let l(v) = v**2 + 7*v - 6. Let f be l(-8). Let d be -14*((-16)/(-14) - f). Let m be 0 - (d/3 + -2). Give w(m).
6
Let t(f) = f**2 + 9*f - 1. Suppose -3*g + 3*w = 21, g - 4*w + 4 = -0*w. Determine t(g).
-9
Suppose -3*n = -18 - 3. Suppose 0 = -3*t + n + 14. Let c(u) = u + 2. What is c(t)?
9
Suppose 0 = -a + 2*y, 0*y - 11 = -4*a - 3*y. Let t(l) = 5*l. Calculate t(a).
10
Let h(m) = 6*m - 4. Let z(c) = c - 1. Let o(w) = -h(w) + 5*z(w). Determine o(0).
-1
Let j(b) = -b**3 - 6*b**2 - b + 6. Let k be -4 - (-7)/(21/(-6)). Determine j(k).
12
Suppose -10 = 4*h - 5*k, -9 = -4*k - 1. Let r(j) = -j - 5. Calculate r(h).
-5
Let w(y) = -y**2 + 4*y + 4. Let j(o) = o - 3. Let i be j(6). Determine w(i).
7
Let d(m) = 8*m + 1. Let l be d(-1). Let z(v) = -v**3 - 8*v**2 - 7*v - 6. Give z(l).
-6
Let x = 7 - 5. Let j(a) be the second derivative of -1/3*a**3 - a**2 + 0 + 5*a. Determine j(x).
-6
Let l(g) = -g - 5. Let u be ((-24)/8)/((-9)/(-21)). What is l(u)?
2
Let a(i) = -i - 2. Let r be -1 - (-6)/(4 - 3). What is a(r)?
-7
Let l(n) = n**2 + 12*n - 17. Let x(r) = r**2 + 11*r - 16. Let f(o) = 6*l(o) - 7*x(o). Let c be f(-7). Let k(z) = -z**3 - 4*z**2 + z + 5. Determine k(c).
1
Let y be ((-63)/(-14) + -5)*(-3 - -1). Let s(o) be the first derivative of -19*o**3/3 + o**2/2 - o - 2. Determine s(y).
-19
Let x(h) = -h - 11. Let p = -141 + 134. Determine x(p).
-4
Let i(g) = 55*g - 3. Let x(q) = 28*q - 2. Let s(z) = -3*i(z) + 5*x(z). Determine s(1).
-26
Let m(x) = -x**2 - x + 1. Let y(f) = -6*f**2 - 4*f + 4. Let h(d) = d**2 + 8*d + 1. Let w be h(-8). Let q = w + -2. Let o(k) = q*y(k) + 4*m(k). Calculate o(1).
2
Let p(r) = -r**2 - 6*r + 9. Let v be -7*(4/2)/2. Determine p(v).
2
Suppose -4*y + 12 = -0*y. Suppose -y = b - 2. Let s(d) = 3*d**3 + d**2 + 2*d + 1. Determine s(b).
-3
Let v(z) = 13*z**2 - 1. Suppose 3*t = 5*t + 2. Calculate v(t).
12
Let a(b) = b - 4. Let j = 118 + -113. Calculate a(j).
1
Let p(r) = -2*r. Let l be 3 - (3/9 - (-21)/(-9)). Determine p(l).
-10
Let h(m) be the second derivative of -m**5/20 - 7*m**4/12 - 2*m**3/3 + 2*m**2 + 7*m. Determine h(-6).
-8
Let n(m) = -m**2 + m - 6. Let a be (-1 + 2)/1*4. Suppose 0 = w + 3*z - 6, -a*w + 2*w - 2*z + 4 = 0. What is n(w)?
-6
Let j(i) = -i**2 - 2*i - 4. Let n = -5 + 2. Calculate j(n).
-7
Let i(u) = -u**2 + 13*u - 20. Let k(v) = v**2 - 7*v + 11. Let t(g) = 6*i(g) + 11*k(g). What is t(-1)?
5
Suppose -n + 1 = -t - 3*n, -t - 3*n - 4 = 0. Let v(h) = h**2 - 6*h + 4. Give v(t).
-1
Let w(s) be the second derivative of 0*s**2 + 6*s + 0 + 4/3*s**3. Give w(1).
8
Let i(r) be the third derivative of 0 - r**2 - 1/2*r**3 + 0*r + 5/24*r**4. What is i(2)?
7
Let w be (-2)/(-10)*0 - -5. Let c(x) = 3*x + 6. Let y(u) = 6*u + 25. Let b(l) = 2*l + 8. Let h(j) = 7*b(j) - 2*y(j). Let r(p) = -5*c(p) + 6*h(p). What is r(w)?
-9
Let y(m) = 2*m + 1. Suppose 0 = z - 0*z - 2. Let k(b) = -7*b**2 - 3*b - 2 + z*b + b**2 - b**3. Let f be k(-6). What is y(f)?
9
Let t(l) = -6*l - 5. Let u(a) = -a - 1. Let x(j) = t(j) - 4*u(j). What is x(2)?
-5
Let x(p) = -1. Let a(t) = 2*t - 3. Let n(o) = -a(o) + 6*x(o). Give n(0).
-3
Let g(m) be the third derivative of m**6/120 + 2*m**5/15 - m**4/3 - 5*m**3/3 + 6*m**2 + 3. Calculate g(-9).
-19
Let c(j) be the second derivative of -3*j - 1/4*j**5 + 1/3*j**3 - 1/2*j**2 + 0*j**4 + 0. Give c(1).
-4
Let q(x) = x**2 - 8*x + 3. Let z(u) = -u**2 + 8*u - 4. Let d(l) = -3*q(l) - 4*z(l). Calculate d(7).
0
Let j(o) = 7*o - 1. Let c be j(1). Let k(i) = 7*i**2 - 2*i**2 - c*i**2 - 4 + 3*i. What is k(4)?
-8
Let j be ((-52)/12 - -2) + (-1)/(-3). Let c(w) = -w**2 + 2*w + 3. Determine c(j).
-5
Let i(g) = -2*g**2 - 3*g - 1. Let z = -211 + 143. Let y be (-5